{"id":229,"date":"2025-01-28T14:12:44","date_gmt":"2025-01-28T14:12:44","guid":{"rendered":"https:\/\/social-angels.de\/?page_id=229"},"modified":"2025-02-10T14:18:21","modified_gmt":"2025-02-10T14:18:21","slug":"auszeichnung-als-leuchtturmprojekt","status":"publish","type":"page","link":"https:\/\/social-angels.de\/?page_id=229","title":{"rendered":"Auszeichnung &#8222;Leuchtturmprojekt&#8220;"},"content":{"rendered":"<p>[et_pb_section fb_built=&#8220;1&#8243; _builder_version=&#8220;4.27.4&#8243; _module_preset=&#8220;default&#8220; global_colors_info=&#8220;{}&#8220;][et_pb_row _builder_version=&#8220;4.27.4&#8243; _module_preset=&#8220;default&#8220; global_colors_info=&#8220;{}&#8220;][et_pb_column type=&#8220;4_4&#8243; _builder_version=&#8220;4.27.4&#8243; _module_preset=&#8220;default&#8220; global_colors_info=&#8220;{}&#8220;][et_pb_image src=&#8220;https:\/\/social-angels.de\/wp-content\/uploads\/2025\/01\/Leuchtturm.jpg&#8220; title_text=&#8220;Leuchtturm&#8220; align=&#8220;center&#8220; _builder_version=&#8220;4.27.4&#8243; _module_preset=&#8220;default&#8220; global_colors_info=&#8220;{}&#8220;][\/et_pb_image][\/et_pb_column][\/et_pb_row][et_pb_row _builder_version=&#8220;4.27.4&#8243; _module_preset=&#8220;default&#8220; global_colors_info=&#8220;{}&#8220;][et_pb_column type=&#8220;4_4&#8243; _builder_version=&#8220;4.27.4&#8243; _module_preset=&#8220;default&#8220; global_colors_info=&#8220;{}&#8220;][et_pb_heading title=&#8220;Social Angels Stiftung erh\u00e4lt Auszeichnung als Leuchtturmprojekt&#8220; _builder_version=&#8220;4.27.4&#8243; _module_preset=&#8220;default&#8220; title_font=&#8220;Arial||||||||&#8220; title_text_align=&#8220;center&#8220; global_colors_info=&#8220;{}&#8220;][\/et_pb_heading][\/et_pb_column][\/et_pb_row][et_pb_row column_structure=&#8220;1_2,1_2&#8243; _builder_version=&#8220;4.27.4&#8243; _module_preset=&#8220;default&#8220; global_colors_info=&#8220;{}&#8220;][et_pb_column type=&#8220;1_2&#8243; _builder_version=&#8220;4.27.4&#8243; _module_preset=&#8220;default&#8220; global_colors_info=&#8220;{}&#8220;][et_pb_image src=&#8220;https:\/\/social-angels.de\/wp-content\/uploads\/2025\/01\/vdLeyen210909b.jpg&#8220; title_text=&#8220;vdLeyen210909b&#8220; _builder_version=&#8220;4.27.4&#8243; _module_preset=&#8220;default&#8220; global_colors_info=&#8220;{}&#8220;][\/et_pb_image][\/et_pb_column][et_pb_column type=&#8220;1_2&#8243; _builder_version=&#8220;4.27.4&#8243; _module_preset=&#8220;default&#8220; global_colors_info=&#8220;{}&#8220;][et_pb_text _builder_version=&#8220;4.27.4&#8243; _module_preset=&#8220;default&#8220; text_font=&#8220;Arial||||||||&#8220; text_font_size=&#8220;20px&#8220; global_colors_info=&#8220;{}&#8220;]<\/p>\n<p>Frau <strong>Ministerin Ursula von der Leyen<\/strong> hat mit Pressemitteilung vom 13.11.2008 diese Entscheidung bekannt gegeben.<\/p>\n<p>&#8222;Ich freue mich, dass f\u00fcr das Land Baden-W\u00fcrttemberg ein Leuchtturm von besonderer Qualit\u00e4t auf den Weg gebracht wird, der auf die gesamte Region ausstrahlen wird. &#8230;&#8220; \u00a0&#8222;&#8230; Sie wurden mit Ihrem Leuchtturmkonzept in die F\u00f6rderung des Bundesprogramms &#8218;Freiwilligendienst aller Generationen&#8216; aufgenommen werden.&#8220;<\/p>\n<p>Pers\u00f6nliche \u00dcbergabe unseres Stiftungsbuches an Frau Ursula von der Leyen (Mitte), Herr Eberhard Ginger (rechts), J\u00fcrgen R\u00f6ser (links).<\/p>\n<p>&nbsp;<\/p>\n<p>[\/et_pb_text][\/et_pb_column][\/et_pb_row][et_pb_row column_structure=&#8220;1_2,1_2&#8243; _builder_version=&#8220;4.27.4&#8243; _module_preset=&#8220;default&#8220; global_colors_info=&#8220;{}&#8220;][et_pb_column type=&#8220;1_2&#8243; _builder_version=&#8220;4.27.4&#8243; _module_preset=&#8220;default&#8220; global_colors_info=&#8220;{}&#8220;][et_pb_image src=&#8220;https:\/\/social-angels.de\/wp-content\/uploads\/2025\/01\/Glasbruecke.jpg&#8220; title_text=&#8220;Glasbruecke&#8220; _builder_version=&#8220;4.27.4&#8243; _module_preset=&#8220;default&#8220; global_colors_info=&#8220;{}&#8220;][\/et_pb_image][\/et_pb_column][et_pb_column type=&#8220;1_2&#8243; _builder_version=&#8220;4.27.4&#8243; _module_preset=&#8220;default&#8220; global_colors_info=&#8220;{}&#8220;][et_pb_text _builder_version=&#8220;4.27.4&#8243; _module_preset=&#8220;default&#8220; global_colors_info=&#8220;{}&#8220;]<\/p>\n<h2>Portrait Leuchtturmprojekt<\/h2>\n<h2>\u201eWeiterbildung zum Engagementberater\u201c<\/h2>\n<p>Im Leben jedes Menschen gibt es Ereignisse, die seinem Leben neue Richtungen geben. Diese Wendepunkte sind oftmals die \u00dcberg\u00e4nge von Lebensabschnitten und k\u00f6nnen zu neuen Begegnungen und neuen Impulsen f\u00fchren. Sie sind die F\u00e4rber unseres Lebens.<\/p>\n<p>Das Projekt\u00a0<strong>Trans<\/strong><strong>Fair<\/strong><strong>Bildung<\/strong>\u00a0sieht in den \u00dcberg\u00e4ngen eine Herausforderung f\u00fcr den Menschen. Es bedarf zum einen eines\u00a0<strong>Wissenstransfers<\/strong>\u00a0\u00fcber das Neue und die dortigen M\u00f6glichkeiten. Zum anderen ein\u00a0<strong>fairer Umgang<\/strong>\u00a0miteinander vor, beim und nach dem \u00dcbergang. Es geht darum\u00a0<strong>\u00dcberg\u00e4nge zu gestalten<\/strong>.<\/p>\n<p>Wir wollen Menschen ansprechen, die rechtzeitig ihren \u00dcbergang in den 3. Lebensabschnitt mit Mut und mit der Offenheit f\u00fcr Neues aktiv und selbstverantwortlich angehen. Menschen, die die &#8222;Reife im Alter&#8220; mit einer Offenheit im Reden und Handeln f\u00fcr eine nachhaltige Zukunft haben.<\/p>\n<p>Wir sind der \u00dcberzeugung, dass durch\u00a0<strong>Trans<\/strong><strong>Fair<\/strong><strong>Bildung<\/strong>\u00a0das B\u00fcrgerschaftliche Engagement aller Gesellschaftsgruppen gef\u00f6rdert werden kann. Mit dem gemeinsamen Willen zur Kooperation kann ein \u00dcbergang der B\u00fcrgergesellschaft in eine menschlichere und nachhaltigere\u00a0<strong>B\u00fcrger<\/strong><strong>Kooperations<\/strong><strong>Gesellschaft\u00a0<\/strong>geschaffen werden, getreu unserem Motto\u00a0<strong>&#8222;Kooperation als Leitkultur&#8220;<\/strong>.<\/p>\n<p>[\/et_pb_text][\/et_pb_column][\/et_pb_row][et_pb_row _builder_version=&#8220;4.27.4&#8243; _module_preset=&#8220;default&#8220; column_structure=&#8220;1_2,1_2&#8243;][et_pb_column _builder_version=&#8220;4.27.4&#8243; _module_preset=&#8220;default&#8220; type=&#8220;1_2&#8243;][et_pb_video src=&#8220;https:\/\/www.youtube.com\/watch?v=Ijgmvs5wktc&#8220; _builder_version=&#8220;4.27.4&#8243; _module_preset=&#8220;default&#8220; font_icon=&#8220;&#xe0a3;||divi||400&#8243; hover_enabled=&#8220;0&#8243; sticky_enabled=&#8220;0&#8243;][\/et_pb_video][\/et_pb_column][et_pb_column _builder_version=&#8220;4.27.4&#8243; _module_preset=&#8220;default&#8220; type=&#8220;1_2&#8243;][et_pb_text _builder_version=&#8220;4.27.4&#8243; _module_preset=&#8220;default&#8220; text_font=&#8220;Arial||||||||&#8220; text_font_size=&#8220;20px&#8220; hover_enabled=&#8220;0&#8243; sticky_enabled=&#8220;0&#8243;]<\/p>\n<p><strong>Veranstaltung &#8222;Aktivsein ver\u00e4ndert&#8220; <\/strong>in den R\u00e4umlichkeiten der LBBW-Bank in Stuttgart mit Hauptgast<strong> Ministerpr\u00e4sident G\u00fcnther Oettinger <\/strong>(26.10.2009 in Stuttgart)<\/p>\n<p>[\/et_pb_text][\/et_pb_column][\/et_pb_row][\/et_pb_section]<\/p>\n","protected":false},"excerpt":{"rendered":"<p>Frau Ministerin Ursula von der Leyen hat mit Pressemitteilung vom 13.11.2008 diese Entscheidung bekannt gegeben. &#8222;Ich freue mich, dass f\u00fcr das Land Baden-W\u00fcrttemberg ein Leuchtturm von besonderer Qualit\u00e4t auf den Weg gebracht wird, der auf die gesamte Region ausstrahlen wird. &#8230;&#8220; \u00a0&#8222;&#8230; Sie wurden mit Ihrem Leuchtturmkonzept in die F\u00f6rderung des Bundesprogramms &#8218;Freiwilligendienst aller Generationen&#8216; [&hellip;]<\/p>\n","protected":false},"author":1,"featured_media":0,"parent":0,"menu_order":0,"comment_status":"closed","ping_status":"closed","template":"","meta":{"_et_pb_use_builder":"on","_et_pb_old_content":"","_et_gb_content_width":"","footnotes":""},"class_list":["post-229","page","type-page","status-publish","hentry"],"_links":{"self":[{"href":"https:\/\/social-angels.de\/index.php?rest_route=\/wp\/v2\/pages\/229","targetHints":{"allow":["GET"]}}],"collection":[{"href":"https:\/\/social-angels.de\/index.php?rest_route=\/wp\/v2\/pages"}],"about":[{"href":"https:\/\/social-angels.de\/index.php?rest_route=\/wp\/v2\/types\/page"}],"author":[{"embeddable":true,"href":"https:\/\/social-angels.de\/index.php?rest_route=\/wp\/v2\/users\/1"}],"replies":[{"embeddable":true,"href":"https:\/\/social-angels.de\/index.php?rest_route=%2Fwp%2Fv2%2Fcomments&post=229"}],"version-history":[{"count":17,"href":"https:\/\/social-angels.de\/index.php?rest_route=\/wp\/v2\/pages\/229\/revisions"}],"predecessor-version":[{"id":300,"href":"https:\/\/social-angels.de\/index.php?rest_route=\/wp\/v2\/pages\/229\/revisions\/300"}],"wp:attachment":[{"href":"https:\/\/social-angels.de\/index.php?rest_route=%2Fwp%2Fv2%2Fmedia&parent=229"}],"curies":[{"name":"wp","href":"https:\/\/api.w.org\/{rel}","templated":true}]}}